- (-19 - -11 - (-47 + -6))?
-36
What is the value of -39 + 84 + -80 + 1 + -7 + -1?
-42
1 + 29 + (2239 - 2245)
24
What is (23 - 142 - 23) + 5 + -2 + -13?
-152
What is -3 + (302 - 304) + (-67 - 3)?
-75
Evaluate (-4 + 2 - (-6 + -5) - (-218 - -291)) + 11.
-53
Evaluate (0 + -20 - 6) + 9 + 1 + 63.
47
Calculate (18 - 23 - 23) + 86 + -65.
-7
What is (-173 - -161) + (12 - (-1 - 0)) + -21 + -2?
-22
What is (-1 - 1) + (-5 - (-15 - -25 - 12))?
-5
48035 + -48151 + (-1 + -1 - -17) + 2
-99
What is (-42 - (24 - 139)) + (0 - (-2 - (-10 - -3)))?
68
What is (-35524 - -35563) + 2 + (2 - 3) + 12?
52
What is (-20 + 133 - -12 - -4) + (-20 - -11)?
120
Calculate -25 - (-3 + -20) - (2 + 17).
-21
Calculate 145 + (-137 - -12) + 0 + -37 - 61.
-78
Evaluate (-87 - -73) + -19 + -55.
-88
32 - 20 - 11 - -25
26
-39 + (-25 + 40 - 8) + 7
-25
Evaluate 20 + -67 + 116 + -87.
-18
Evaluate 56 + -18 - (73 - (-73 - -58)).
-50
Evaluate 118 + 31 + 70 + -112.
107
What is the value of 5069 + -4933 + (-1 - 14)?
121
What is (20 - -1) + 1 + -554 + 537?
5
-14 - (15 - 10) - (6 + 4 + 20)
-49
Calculate (-51 - 8) + -11 + (23 + 1 - (3 + 1)).
-50
What is the value of -30 + 5 + 16 - (-10 - 18)?
19
What is -56 + (2 + -1 + -8 - (1 + -5 + -9))?
-50
-2 - -45 - (-267 + 241)
69
Evaluate -36 + (39 - 17) + 3.
-11
Evaluate (4 + -44 - (83 + -85)) + -3.
-41
-43 + 21 + (4 - (-34 + 40))
-24
Evaluate (-5 - (-33 - -32)) + -5 - (-111 - 5).
107
2 + 5 + -1 + -3002 + 3069 + 22
95
Calculate -27 + 13 + 0 - 14 - -45.
17
Evaluate (6 - -65) + (-25 - 21).
25
Calculate 16 - (6 + (-27 - -14) - (0 - 14)).
9
What is (-82 - (-9 - 63)) + (1 - 1) + (-10 - 1)?
-21
What is the value of -2 + -1164 + 1169 + (-3 - (43 + -1))?
-42
Evaluate 4 - ((10 - 10 - -7) + (-17 - -11)).
3
Evaluate 22 + 140 + -51 + -23.
88
(9 + -44 - 25) + (19 - 2) - 7
-50
What is (7 - 1) + -3 + -14 + 8 - (-60 - -14)?
43
Calculate -19 + (-4 - -3) - (-192 + 116 + 79).
-23
Calculate 173 + (-100 - -8 - -25).
106
What is the value of -36 + (9 - 11 - -2) + -6?
-42
What is the value of -1963 + 1922 + (2 - -132)?
93
Evaluate -3 - (18 + -18) - 49.
-52
Evaluate -9 + 15 + 13 + -16 + (-6 - -46).
43
Calculate -68 - (-218 + 101) - 109.
-60
Calculate 1 - -2 - 15 - (4 + -9 - 3 - 11).
7
What is the value of 85 - (7 + -26) - 75?
29
Evaluate 53 - (34 + -22 + 13 + -18 + 0 + -3).
49
Evaluate (28 - 120) + 110 - ((-1 - 14) + -1).
34
-95 + 137 - (6 - -50)
-14
What is the value of 2 + (-12 - 0) + -27 + 56?
19
What is (-5 + 0 - 5) + (-47 - (-6 - (6 + -19)))?
-64
Evaluate -2 + 6 + 3 + 50 + -15 + 11 + -11.
42
What is 0 + -94 - (56 - -104 - 110)?
-144
What is the value of (9 - (0 - (-2 + -14))) + (1 - -6) - 11?
-11
Evaluate -20 - 0 - (40 + 1 - 67).
6
Evaluate 14 + 150 + (-103 - (-41 + -19)).
121
(131 - 146) + -79 + 45
-49
Evaluate -75 - (16 + -17 + -12 + 4 - -24).
-90
Calculate 34 - (-2 + -7 + (8 - (6 - 10))).
31
-47 + 51 - 22 - -8
-10
What is the value of -30 + (-47 - -8) + 36?
-33
What is the value of (32 - -4) + -69 + 7?
-26
2 + 56 - (31 + -13 + (-2 - 7) - 0)
49
What is 2750 - 2782 - (0 + -6)?
-26
What is -8 + (-1 - -13) + (-2 - 86) - (3 - 8)?
-79
Evaluate (-17 - (-40 + (3 - -13))) + -5.
2
What is 1 + 4 + (-1 - ((13 - (0 - -2)) + -100))?
93
Calculate -3 + 2 + 3 + -5 + (1 - -7) + 15.
20
What is the value of 10 + -32 + 11 + -18 + -13?
-42
Calculate (-23 - -34) + (-2 - 1) + (0 - -93).
101
4 - (-11 + -2 + -2)
19
What is the value of -1 + (-11 - -1) + (-12 - (19 + 0))?
-42
What is -56 + -33 + 41 + 11?
-37
Evaluate 14 - 5 - (30 + -6 + (-5 - 4) + -3).
-3
What is (2 - (-37 - -22 - 31)) + 15?
63
-3 + 49 + -11 + 2 - (-9 + -2)
48
What is the value of (9 - 9) + (1 - 0 - 4) - (-7 + 51)?
-47
Calculate (40 - 16) + 2 - (50 + 29).
-53
Evaluate -12 - (145 + -5 + 22 + -37 + -15).
-122
What is the value of 246 + -249 + 54 + 53?
104
Evaluate -33 + -25 + 25 - -17 - 2.
-18
Calculate 10 + -22 + 1 - (19 - 1 - -12).
-41
Calculate 5 + 27 + -156 + 114.
-10
What is the value of 19 + -68 + (867 - 736)?
82
Evaluate -32 + 85 + -30 + (28 - 63).
-12
Calculate 1 + 10 + 145 - (369 - 343).
130
What is the value of (15 + -17 - -8) + -14 + -14?
-22
Calculate 14 - (-1 + 2 + -64 + (-1111 - -1111)).
77
Evaluate (29 - 18) + -30 + 11 - -20.
12
What is the value of (-3 + -2 - 122 - (-44 - -43)) + 20?
-106
What is the value of (1 - -67) + -8824 + 8751?
-5
-32 + -20 + 20 + -10 - 13
-55
(-4 - 7 - 59) + 29 + -13 + (11 - 2)
-45
38 + -10 - 47 - 26
-45
Evaluate (-13 - (-76 - -28) - 19) + 6.
22
Calculate 58 + -119 - (-24 - (-2 - 7)).
-46
Calculate (13 - (-12 + -3 + 37)) + 29 - 12.
8
What is the value of (1186 + -1195 - (24 + -1)) + 4?
-28
What is the value of -45 - 1 - (-315 + 308 - (6 - 2))?
-35
Evaluate -55 - (-100 - (62 - 68)).
39
What is 90 + (-51 - (-51 + 33 + -18))?
75
What is the value of 0 + 55 + (-59 - (-107 + 90))?
13
(5 - (2 - (52 - 40))) + -112
-97
Calculate (-154 - (-185 + 64)) + (2 - -42).
11
1806 + -1804 + (1 - 13)
-10
26 + 1 + -28 + (-32 - -56) - 7
16
What is 6 + 2 + -1 - (63 - (3 - -5) - -12)?
-60
What is 49 + (-22 - (18 + -14)) + -42?
-19
What is the value of 3 + (-10 - (-38 - (-55 - -27)))?
3
What is the value of -82 + (23 - (15 - (33 + -20)))?
-61
What is the value of -1 + 1 + (-12 - 6 - -18) + 6?
6
What is the value of (-117 - -45) + 5 + -9 + (2 - 3)?
-77
What is -134 + -44 + 20 + 48 + 15?
-95
Calculate 67 - (-10 + 7 + -1 + -5 + 7 - 2).
71
What is 36 + -3 + -52 + -36?
-55
Evaluate -6 - (0 + -8) - 12 - (-3 - -9).
-16
Calculate (-8 - 45 - (8 - 7)) + (4 - (1 - -12)).
-63
(1101 - 1089 - (-1 - 6)) + 36
55
What is 29 + 2 + -67 + -25 + 23?
-38
Evaluate 98 + -7 + -39 - -31.
83
Evaluate (-62 - -24) + 23 + -5 + -89 + 6.
-103
27 + 1 + (47 - 44 - 60)
-29
0 + -6 - (-15 + -1 + 16) - (-20 + 76)
-62
What is the value of (6575 - 6543) + 55 + 2?
89
What is 1 - (2 + -1 - 35) - (-61 + 77 - 23)?
42
Evaluate (-19 - -53) + -7 - (84 - 67).
10
-13 - (-1 - 10) - (-2 + 26)
-26
Evaluate -55 + (15 - 0) + (-166 - -151) + 10.
-45
What is the value of (9 - -11 - (2 + -2 - -11)) + (-4 - 27)?
-22
(-81 - (-45 + -28 + 27)) + -19
-54
Evaluate -45 + 24 + (16 - -15) + 89.
99
Calculate (0 - -6) + -2 + -17 + 1 + 46 + -18.
16
3 + (20 + 1 - 15)
9
What is 59 - (256 + -111 + -5)?
-81
(-1 - 29) + 2617 + -2612 - (8 - -1)
-34
Evaluate 21 + ((-6 - -8 - 24) + -12 + 23 - -22).
32
What is the value of 87 - 2 - (1 + 23 - (-1678 - -1693))?
76
-77 + -1 + 2 + (-118 - -135)
-59
Calculate (-20 - (2 + (-45 - -21))) + 2 + -10.
-6
Evaluate -47 - -15 - -46 - 44.
-30
What is the value of -17 + 14 - (11 - (-22 + (10 - 16)))?
-42
What is the value of -54 + 153 - 31 - ((3 - 5) + (0 - -4))?
66
Calculate 9 - (89 - (41 + 75)).
36
0 + -1 + -43 + (-84 - -93)
-35
What is 3 - (72 - 140) - 3?
68
-47 + 20 + 6 + -4 - 40
-65
What is the value of -2 + 8 - (1 + -39 + (-20 + 35 - 13))?
42
Calculate 2 + 3 - 2 - (62 + (6 - 24 - -30)).
-71
Evaluate (-7 - 7 - 3) + 10 + 6 - 44.
-45
Evaluate 8 + -1141 + 1141 + (0 - (22 + 1)).
-15
(1 - 11) + -11 + (-188 - -231)
22
What is the value of 24 + (103 - 131) + 10?
6
Evaluate 6 + -18 + -13 + 45.
20
What is the value of (53 - (188 - 97)) + -59?
-97
Evaluate -61 - (-16 + -117 - -110).
-38
What is 11 - ((-12 - -5) + 1 + 16 + 16)?
-15
Calculate 1006 - 1051 - (4 + -47).
-2
Evaluate (1557 - 1550) + (2 - -1).
10
What is -11 + 6 + -9 + -33 + 38 - (-30 + 1)?
20
Calculate (-20 - 4 - -13) + 19 + 28 + -8.
28
What is the value of -1 + -48 + (25 - -4 - 12)?
-32
Evaluate 611 + -643 - (-18 - 1) - (2 + 1 + -13).
-3
Calculate -56 + (3 + -2 - -9) + -474 + 463 + 10.
-47
What is the value of -44 + (68 - (14 - 32))?
42
What is the value of 5 + 3 + -19 + 23 + -18 + 18?
12
What is 5 + (-9 - 6 - 16) - 41?
-67
What is the value of -10 + -2 + (2 - (50 - (-3 - -24)))?
-39
What is the value of 6 + (-5 - -9 - 7) - (-60 - (31 + -169))?
-75
What is the value of 1 + 49 + -38 - (0 - (-2 - 21))?
-11
What is the value of (-10 - 65) + 401 + -387?
-61
Evaluate (-3 - 78) + 9 + 10 + (-53 - -43).
-72
Calculate (-32 - (-1 + 2)) + (-36 + 46 - -1).
-22
53 + (-14 - -1) + (5 - (-7 - -11))
41
Calculate -4 + -13 - (-29 + 23 + 49).
-60
Evaluate (-2 - -8) + (-18 - 2) - -53.
39
Evaluate 181 + -67 - 66 - -2.
50
What is 1 - -56 - (-188 - -198)?
47
What is the value of (2 - 6) + 5 + (1 - 1) + 23 + -12?
12
(-25 - -2) + -28 + (-21 - -35)
-37
Evaluate (3 - 67 - -5) + 118.
59
What is the value of 2 + (-37 - -29 - 19) +